- 623426. Calculate x(379).
29
Let r(y) = 2*y**3 - 529*y**2 - 5774*y - 283. Give r(275).
-8
Let f(s) = -62*s**2 + 2855*s + 93. Calculate f(46).
231
Let p(l) = l**3 + 764*l**2 + 6051*l + 5. Determine p(-8).
-19
Let y(b) = -232*b + 1682. Give y(6).
290
Let f(y) = -y**3 - 69*y**2 + 96*y - 344. Determine f(-70).
-2164
Let t(s) = -s**3 + 148*s**2 - 1346*s + 938. Determine t(9).
83
Let k(o) = 71612*o + 501292. What is k(-7)?
8
Let y(f) = -34*f**2 + 1958*f + 4784. Give y(60).
-136
Let v(h) = h**2 + 182*h + 7528. Give v(-120).
88
Let p(h) = -h**3 + 38*h**2 + 99*h - 1286. Calculate p(40).
-526
Let y(w) = -w**3 - 25*w**2 + 227*w - 808. What is y(-33)?
413
Let j(o) = -2*o**3 - 43*o**2 + 2*o - 258. What is j(-18)?
-2562
Let j(t) = -118*t + 451. What is j(0)?
451
Let s(m) = 3528*m - 603282. What is s(171)?
6
Let o(d) = 221*d**2 + 748*d + 2982. Calculate o(-4).
3526
Let f(w) = -34*w**2 - 103*w + 24. Give f(-3).
27
Let f(w) = -w**3 - 287*w**2 - 1305*w - 48946. Calculate f(-283).
13
Let p(u) = -12*u**3 - 8*u**2 - 42*u - 33. Give p(-1).
13
Let d(s) = -2554*s - 18464. What is d(-7)?
-586
Let r(h) = 394*h - 2775. Calculate r(6).
-411
Let m(c) = c**3 - 376*c**2 + 2*c. What is m(0)?
0
Let b(o) = o**3 - 260*o**2 + 5239*o - 721. What is b(238)?
-7
Let i(v) = -1642*v + 790047. Give i(481).
245
Let n(l) = 2*l**3 - 254*l**2 - 27598*l + 3555. What is n(197)?
9
Let b(c) = -c**2 + 152007*c + 1216113. Calculate b(-8).
-7
Let l(p) = -9455*p - 9426. Give l(-1).
29
Let m(a) = 2*a**3 - 35*a**2 + 9*a + 1323. Calculate m(9).
27
Let c(f) = f**3 + 80*f**2 + 1424*f - 201. Give c(-27).
-12
Let r(c) = 8458*c + 347439. What is r(-41)?
661
Let u(p) = -14*p**3 - 493*p**2 + 351*p + 142. Calculate u(1).
-14
Let b(a) = 472*a + 5736. Determine b(-10).
1016
Let y(z) = 24140*z + 820875. Give y(-34).
115
Let q(l) = -2*l**3 - 218*l**2 - 642*l - 614. Give q(-106).
22
Let m(a) = -2232*a - 335127. Determine m(-150).
-327
Let t(d) = -3372*d + 107882. What is t(32)?
-22
Let v(r) = 130*r**3 - 2*r**2 + r. Give v(1).
129
Let p(k) = -k**3 + 824*k**2 - 16*k - 664159. Calculate p(823).
2
Let r(h) = 15*h**2 + 858*h - 5488. What is r(-63)?
-7
Let k(a) = -a**3 + 52*a**2 - 460*a + 10620. Determine k(47).
45
Let u(z) = -6*z**2 - 44*z + 55. What is u(1)?
5
Let g(i) = 2*i**3 + 67*i**2 + 509*i + 58. What is g(-12)?
142
Let j(r) = -55*r**2 + 209*r + 6. Calculate j(-1).
-258
Let u(z) = z**2 + 440*z + 6487. Give u(-15).
112
Let c(m) = 4*m**2 - 10934*m + 2082666. What is c(206)?
6
Let q(m) = 82*m + 5445. Determine q(-66).
33
Let l(k) = -5*k**3 - 53*k**2 - 61. Calculate l(-10).
-361
Let c(k) = k**3 - 60*k**2 - 52*k + 27570. Give c(29).
-9
Let m(r) = 155*r**2 - 9630*r + 13. What is m(62)?
-1227
Let s(z) = 33655*z - 11543658. Determine s(343).
7
Let q(n) = -3*n**2 + 1345*n + 324863. What is q(-174)?
5
Let h(g) = g**3 + 4*g**2 + 223*g + 1451. Determine h(-9).
-961
Let g(n) = -58582*n - 117214. What is g(-2)?
-50
Let q(j) = -j**2 - 20362*j - 162834. Determine q(-8).
-2
Let f(r) = -3*r**3 + 246*r**2 + 255*r - 335. Give f(83).
163
Let k(n) = 3113*n**2 + 977480*n - 649. Calculate k(-314).
-21
Let f(d) = d**3 - 10*d**2 + 97*d - 797. Give f(9).
-5
Let i(k) = -516*k + 97514. Determine i(189).
-10
Let x(i) = 4*i**3 - 332*i**2 - 680*i - 47. Calculate x(85).
-47
Let s(g) = -10806*g + 172961. Determine s(16).
65
Let j(h) = 1260*h - 16255. Determine j(13).
125
Let f(u) = 2*u**2 - 3288*u - 8. Determine f(0).
-8
Let p(n) = 51*n**2 + 1871*n - 681. What is p(-37)?
-89
Let i(t) = 49*t**2 - 989*t - 30. Give i(20).
-210
Let i(z) = 37*z**3 - 11728*z**2 - 317*z - 35. Determine i(317).
-35
Let k(g) = -14*g**2 - 582*g - 5311. Calculate k(-28).
9
Let d(c) = -4*c**2 + 30*c - 223. Calculate d(11).
-377
Let q(o) = -3*o**2 + 1672*o - 94923. Determine q(63).
-1494
Let w(p) = -p**3 - 25*p**2 + 21548*p + 517730. Give w(-24).
2
Let q(u) = 322*u + 2511. What is q(-7)?
257
Let d(s) = -16*s**2 + 18*s + 8162. Determine d(-22).
22
Let u(s) = -9198*s + 1922413. Determine u(209).
31
Let f(c) = -c**3 + 52*c**2 - 262*c + 19895. Determine f(54).
-85
Let t(i) = 4521334*i + 49734674. Determine t(-11).
0
Let o(b) = b**2 + 2055*b - 29120. What is o(14)?
-154
Let v(s) = -53190*s - 531882. Determine v(-10).
18
Let f(v) = -v**3 - 11*v**2 + 161*v - 106. Give f(-19).
-277
Let c(h) = h**3 - 24*h**2 + 162*h - 25. Calculate c(12).
191
Let x(v) = -16*v**2 + 757*v - 5024. Give x(8).
8
Let o(z) = -19647*z - 648448. Calculate o(-33).
-97
Let y(s) = 5*s**2 - 77*s + 512. What is y(8)?
216
Let l(x) = -x**2 + 22236*x - 244457. Determine l(11).
18
Let k(o) = o**3 + 3657*o**2 + 7276*o - 72. What is k(-2)?
-4
Let t(s) = -2015*s + 3752. Calculate t(2).
-278
Let p(u) = 398*u + 1737. What is p(-4)?
145
Let h(v) = -v**3 + 2328*v**2 + 4656*v - 3. Determine h(-2).
5
Let t(u) = -21932*u + 9518494. What is t(434)?
6
Let h(o) = -7*o**3 - 6*o**2 - 10*o + 65. Determine h(5).
-1010
Let p(m) = 4*m**2 - 291*m + 293. What is p(77)?
1602
Let f(q) = 3*q**3 + 15*q**2 - 15*q - 8. What is f(6)?
1090
Let v(o) = -84*o**2 - 38*o - 39. Give v(-1).
-85
Let z(c) = -30*c**2 + 662*c - 3665. Give z(11).
-13
Let t(y) = -20161*y + 765819. Give t(38).
-299
Let j(u) = 5731*u + 475739. What is j(-83)?
66
Let r(j) = -j**2 - 2751*j + 359518. What is r(125)?
18
Let k(f) = f**3 - 31*f**2 + 62*f - 1094. Calculate k(31).
828
Let r(m) = -2*m**3 - 62*m**2 - 148*m - 1725. Give r(-29).
-797
Let g(w) = -633*w**2 - 5676*w - 66. Calculate g(-9).
-255
Let s(z) = -3*z**3 - 851*z**2 + 2862*z + 484. Determine s(-287).
2780
Let q(z) = 4*z**3 + 7*z**2 + 115*z + 678. Calculate q(-6).
-624
Let k(b) = 162*b - 15870. What is k(98)?
6
Let j(k) = k**3 + 608*k**2 - 13850*k + 6251. What is j(-630)?
-49
Let u(p) = -6*p**3 + 504*p**2 + 1008*p + 6. Determine u(-2).
54
Let z(i) = 53*i**2 + 1690*i - 199. Calculate z(-32).
-7
Let j(l) = l**3 + 30*l**2 + 110*l - 699. What is j(-24)?
117
Let w(f) = 5*f**3 - 4*f**2 - 33866*f - 5. Give w(0).
-5
Let t(a) = -47*a**2 - 2050*a - 17838. Calculate t(-12).
-6
Let t(i) = -70061*i - 700622. Calculate t(-10).
-12
Let q(r) = 5359*r + 59026. Determine q(-11).
77
Let c(j) = -j**3 + 151*j**2 + 4807*j + 370. Give c(178).
548
Let s(y) = 1822*y + 2714. What is s(-3)?
-2752
Let f(h) = -34*h**2 + 2281*h + 6694. What is f(70)?
-236
Let d(o) = o**2 + 269*o + 17892. What is d(-115)?
182
Let l(z) = 163*z + 6408. What is l(-35)?
703
Let c(u) = 17194*u - 567409. Determine c(33).
-7
Let n(o) = 16*o**3 - 725*o**2 + 221*o + 133. Calculate n(45).
-47
Let f(r) = 5788*r**2 - 17374*r + 14. What is f(3)?
-16
Let t(s) = -29823*s + 89449. Determine t(3).
-20
Let f(r) = r**3 + r**2 - 32*r + 42. Determine f(7).
210
Let v(z) = -z**2 + 23189*z + 139173. Calculate v(-6).
3
Let d(h) = -h**3 - 171*h**2 - 889*h - 231. Calculate d(-5).
64
Let d(a) = 42561*a + 340438. Determine d(-8).
-50
Let r(i) = -2*i**3 - 12*i**2 - 9*i + 159. Determine r(0).
159
Let a(k) = 193*k**2 + 1390*k + 873. Determine a(-6).
-519
Let i(s) = -958237*s - 20122957. Calculate i(-21).
20
Let o(p) = 289*p**3 + 27*p**2 - 44*p + 1. Calculate o(1).
273
Let x(o) = 25539*o - 8223549. Give x(322).
9
Let s(d) = -d**2 - 554*d + 30851. Give s(51).
-4
Let f(o) = o**2 - 971*o - 10896. Give f(-11).
-94
Let i(v) = -v**2 - 336*v - 24682. What is i(-108)?
-58
Let g(k) = -17*k**2 - 2116*k - 27909. Determine g(-15).
6
Let k(y) = 5*y**3 - 97*y**2 - 359*y + 7527. Determine k(19).
-16
Let b(a) = -331*a + 10590. What is b(37)?
-1657
Let j(v) = 2129*v + 93645. Give j(-44).
-31
Let t(f) = -2*f**2 - 91675*f + 3486539. What is t(38)?
1
Let w(n) = 166*n**2 - 1007*n - 828. What is w(7)?
257
Let h(w) = w**3 - 48*w**2 - 214*w + 1539. Determine h(4).
-21
Let u(o) = -o**3 - 64*o**2 + 26*o + 5249. What is u(-63)?
-358
Let y(o) = 319*o**2 + 5300*o + 7730. Give y(-15).
5
Let i(j) = -22*j**2 - 4576*j - 75221. Determine i(-190).
19
Let b(i) = -3*i**3 + 823*i**2 + 1385*i - 1363. Determine b(276).
17
Let f(k) = -21613*k - 259020. Calculate f(-12).
336
Let h(m) = 7307*m - 20272. What is h(3)?
1649
Let s(a) = -115*a**2 + 1700*a - 4903. Determine s(4).
57
Let t(y) = y**3 - 246*y**2 + 8606*y - 7751. What is t(204)?
1
Let a(x) = -4*x**2 - 311*x - 2511. What is a(-7)?
-530
Let j(z) = -151*z**3 - 36853*z**2 - 2195*z + 241. Calculate j(-244).
-3
Let q(g) = -g**3 + 3*g**2 - 3710*g - 14976. Determine q(-4).
-24
Let o(x)